{"id":126,"date":"2020-12-29T15:26:58","date_gmt":"2020-12-29T15:26:58","guid":{"rendered":"http:\/\/istanbulbaskimerkezi.com\/?page_id=126"},"modified":"2023-03-07T06:39:57","modified_gmt":"2023-03-07T06:39:57","slug":"iletisim","status":"publish","type":"page","link":"https:\/\/istanbulbaskimerkezi.com\/?page_id=126","title":{"rendered":"\u0130LET\u0130\u015e\u0130M"},"content":{"rendered":"\n<p class=\"has-text-align-left has-normal-font-size\"><strong>Genel Merkez<\/strong> : Atikali Mahallesi M\u00fcezzin Bilal Sokak No : 3 Fatih \/ \u0130STANBUL<\/p>\n\n\n\n<p><strong>At\u00f6lye<\/strong> : Seyrantepe, Canyi\u011fit i\u015f merkezi, \u00c7al\u0131\u015fkan Soka\u011f\u0131 no:12 Ka\u011f\u0131thane \/ \u0130STANBUL<\/p>\n\n\n\n<p class=\"has-text-align-left has-normal-font-size\"><strong>Telefon<\/strong> : 0212 983 01 07 &#8211; <strong>Gsm<\/strong> : 0536 258 50 88<\/p>\n\n\n<p><iframe loading=\"lazy\" src=\"https:\/\/www.google.com\/maps\/embed?pb=!1m18!1m12!1m3!1d3010.040230338477!2d28.9415678152776!3d41.024375779299184!2m3!1f0!2f0!3f0!3m2!1i1024!2i768!4f13.1!3m3!1m2!1s0x14caba18512f163f%3A0xc5ac1b7735af346!2s%C4%B0stanbul%20Bask%C4%B1%20Merkezi!5e0!3m2!1str!2str!4v1609256525111!5m2!1str!2str\" width=\"600\" height=\"450\" frameborder=\"0\" style=\"border:0;\" allowfullscreen=\"\" aria-hidden=\"false\" tabindex=\"0\"><\/iframe><\/p>\n\n\n\n<p><\/p>\n\n\n\n<p><\/p>\n","protected":false},"excerpt":{"rendered":"<p>Genel Merkez : Atikali Mahallesi M\u00fcezzin Bilal Sokak No : 3 Fatih \/ \u0130STANBUL At\u00f6lye : Seyrantepe, Canyi\u011fit i\u015f merkezi, \u00c7al\u0131\u015fkan Soka\u011f\u0131 no:12 Ka\u011f\u0131thane \/ \u0130STANBUL Telefon : 0212 983 01 07<a class=\"moretag\" href=\"https:\/\/istanbulbaskimerkezi.com\/?page_id=126\">Read More&#8230;<\/a><\/p>\n","protected":false},"author":1,"featured_media":0,"parent":0,"menu_order":0,"comment_status":"closed","ping_status":"closed","template":"","meta":{"_monsterinsights_skip_tracking":false,"_monsterinsights_sitenote_active":false,"_monsterinsights_sitenote_note":"","_monsterinsights_sitenote_category":0,"footnotes":""},"class_list":["post-126","page","type-page","status-publish","hentry"],"_links":{"self":[{"href":"https:\/\/istanbulbaskimerkezi.com\/index.php?rest_route=\/wp\/v2\/pages\/126","targetHints":{"allow":["GET"]}}],"collection":[{"href":"https:\/\/istanbulbaskimerkezi.com\/index.php?rest_route=\/wp\/v2\/pages"}],"about":[{"href":"https:\/\/istanbulbaskimerkezi.com\/index.php?rest_route=\/wp\/v2\/types\/page"}],"author":[{"embeddable":true,"href":"https:\/\/istanbulbaskimerkezi.com\/index.php?rest_route=\/wp\/v2\/users\/1"}],"replies":[{"embeddable":true,"href":"https:\/\/istanbulbaskimerkezi.com\/index.php?rest_route=%2Fwp%2Fv2%2Fcomments&post=126"}],"version-history":[{"count":8,"href":"https:\/\/istanbulbaskimerkezi.com\/index.php?rest_route=\/wp\/v2\/pages\/126\/revisions"}],"predecessor-version":[{"id":528,"href":"https:\/\/istanbulbaskimerkezi.com\/index.php?rest_route=\/wp\/v2\/pages\/126\/revisions\/528"}],"wp:attachment":[{"href":"https:\/\/istanbulbaskimerkezi.com\/index.php?rest_route=%2Fwp%2Fv2%2Fmedia&parent=126"}],"curies":[{"name":"wp","href":"https:\/\/api.w.org\/{rel}","templated":true}]}}